{"id":5905,"date":"2026-03-06T18:11:43","date_gmt":"2026-03-06T17:11:43","guid":{"rendered":"https:\/\/makumobel.es\/muebles-colchones-madrid\/?post_type=product&#038;p=5905"},"modified":"2026-03-06T18:11:43","modified_gmt":"2026-03-06T17:11:43","slug":"butaca-land-patas-metalicas-mascotas-madrid","status":"publish","type":"product","link":"https:\/\/makumobel.es\/muebles-colchones-madrid\/producto\/butaca-land-patas-metalicas-mascotas-madrid\/","title":{"rendered":"Butaca con Patas Met\u00e1licas Land"},"content":{"rendered":"<p data-path-to-node=\"7\">La <b data-path-to-node=\"7\" data-index-in-node=\"3\">Butaca con Patas Met\u00e1licas Land<\/b> es una pieza que destaca por su verticalidad y su ligereza visual. Ciertamente, en las viviendas de <b data-path-to-node=\"7\" data-index-in-node=\"135\">Madrid Centro<\/b> se busca mobiliario que aporte car\u00e1cter sin abigarrar el espacio. El modelo Land, con sus <b data-path-to-node=\"7\" data-index-in-node=\"239\">estilizadas patas met\u00e1licas<\/b>, ofrece un aire industrial y moderno, mientras que su respaldo de <b data-path-to-node=\"7\" data-index-in-node=\"333\">110 cm de alto<\/b> asegura un descanso ergon\u00f3mico excepcional para la zona cervical y lumbar.<\/p>\n<h3 data-path-to-node=\"8\">Proporciones Generosas en un Formato Estilizado<\/h3>\n<p data-path-to-node=\"9\">En primer lugar, su dise\u00f1o ha sido pensado para ofrecer una sentada c\u00f3moda y amplia sin ocupar un espacio excesivo. Por otro lado, las especificaciones del <b data-path-to-node=\"9\" data-index-in-node=\"156\">Modelo Land<\/b> la hacen destacar en cualquier estancia:<\/p>\n<ul data-path-to-node=\"10\">\n<li>\n<p data-path-to-node=\"10,0,0\"><b data-path-to-node=\"10,0,0\" data-index-in-node=\"0\">Dimensiones Equilibradas<\/b>: Cuenta con <b data-path-to-node=\"10,0,0\" data-index-in-node=\"37\">71 cm de ancho<\/b>, <b data-path-to-node=\"10,0,0\" data-index-in-node=\"53\">86 cm de fondo<\/b> y una imponente altura de <b data-path-to-node=\"10,0,0\" data-index-in-node=\"94\">110 cm<\/b>.<\/p>\n<\/li>\n<li>\n<p data-path-to-node=\"10,1,0\"><b data-path-to-node=\"10,1,0\" data-index-in-node=\"0\">Patas Met\u00e1licas de Dise\u00f1o<\/b>: Elevan la estructura, facilitando la limpieza inferior y aportando un toque de vanguardia.<\/p>\n<\/li>\n<li>\n<p data-path-to-node=\"10,2,0\"><b data-path-to-node=\"10,2,0\" data-index-in-node=\"0\">Respaldo Ergon\u00f3mico<\/b>: Su altura extra permite un apoyo total de la cabeza, ideal para momentos de desconexi\u00f3n total.<\/p>\n<\/li>\n<li>\n<p data-path-to-node=\"10,3,0\"><b data-path-to-node=\"10,3,0\" data-index-in-node=\"0\">Acabados Premium<\/b>: Presenta costuras cuidadas y un acolchado de alta densidad que mantiene su forma con el paso del tiempo.<\/p>\n<\/li>\n<\/ul>\n<h3 data-path-to-node=\"11\">Confort Pet Friendly: La Tranquilidad de Compartir tu Hogar<\/h3>\n<p data-path-to-node=\"12\">Ciertamente, el dise\u00f1o de la <b data-path-to-node=\"12\" data-index-in-node=\"29\">Butaca Land<\/b> no olvida a los miembros m\u00e1s peludos de la familia. Al igual que nuestra gama exclusiva, este modelo se puede realizar en <b data-path-to-node=\"12\" data-index-in-node=\"163\">telas espec\u00edficas para mascotas<\/b>. Debido a que compartes tu vida con animales en el centro de la ciudad, te ofrecemos soluciones que son:<\/p>\n<ul data-path-to-node=\"13\">\n<li>\n<p data-path-to-node=\"13,0,0\"><b data-path-to-node=\"13,0,0\" data-index-in-node=\"0\">Telas Anti-Ara\u00f1azos<\/b>: Tejidos con tecnolog\u00eda que evita que las u\u00f1as de los gatos se enganchen y deshilachen el tapizado.<\/p>\n<\/li>\n<li>\n<p data-path-to-node=\"13,1,0\"><b data-path-to-node=\"13,1,0\" data-index-in-node=\"0\">Barrera de Limpieza<\/b>: Tratamientos que impiden la penetraci\u00f3n de suciedad y facilitan la eliminaci\u00f3n de pelos con un simple gesto.<\/p>\n<\/li>\n<li>\n<p data-path-to-node=\"13,2,0\"><b data-path-to-node=\"13,2,0\" data-index-in-node=\"0\">Tacto Agradable y Duradero<\/b>: Materiales suaves al tacto que resisten el desgaste diario sin perder su elegancia original.<\/p>\n<\/li>\n<\/ul>\n<h3 data-path-to-node=\"14\">\u00bfPor qu\u00e9 elegir el Modelo Land en nuestra tienda?<\/h3>\n<p data-path-to-node=\"15\">Actualmente, el <b data-path-to-node=\"15\" data-index-in-node=\"16\">Modelo Land<\/b> es uno de los m\u00e1s vers\u00e1tiles de nuestro cat\u00e1logo. Su altura de respaldo y sus patas met\u00e1licas la convierten en una pieza de inversi\u00f3n que combina con todo. Por lo tanto, si buscas una butaca que sea el centro de todas las miradas y que resista el ritmo de tus mascotas en <b data-path-to-node=\"15\" data-index-in-node=\"300\">Madrid Centro<\/b>, la Land es tu mejor opci\u00f3n. En conclusi\u00f3n, vis\u00edtanos y descubre c\u00f3mo la sencillez de sus l\u00edneas puede transformar tu hogar.<\/p>\n","protected":false},"excerpt":{"rendered":"<p>Butaca Modelo Land: Sofisticaci\u00f3n y Resistencia en Madrid Centro<\/p>\n","protected":false},"featured_media":5906,"comment_status":"open","ping_status":"closed","template":"","meta":{"_uf_show_specific_survey":0,"_uf_disable_surveys":false,"_joinchat":[]},"product_brand":[],"product_cat":[80,90],"product_tag":[],"class_list":{"0":"post-5905","1":"product","2":"type-product","3":"status-publish","4":"has-post-thumbnail","6":"product_cat-mobiliario","7":"product_cat-sillones-y-relax","9":"first","10":"instock","11":"shipping-taxable","12":"product-type-simple"},"yoast_head":"<!-- This site is optimized with the Yoast SEO plugin v27.2 - https:\/\/yoast.com\/product\/yoast-seo-wordpress\/ -->\n<title>Butaca con Patas Met\u00e1licas Land | Confort Pet Friendly Madrid<\/title>\n<meta name=\"description\" content=\"Descubre la Butaca Land en Madrid Centro. Dise\u00f1o estilizado de 71cm de ancho con patas met\u00e1licas y 110cm de alto. Telas Pet Friendly resistentes a ara\u00f1azos.\" \/>\n<meta name=\"robots\" content=\"index, follow, max-snippet:-1, max-image-preview:large, max-video-preview:-1\" \/>\n<link rel=\"canonical\" href=\"https:\/\/makumobel.es\/muebles-colchones-madrid\/producto\/butaca-land-patas-metalicas-mascotas-madrid\/\" \/>\n<meta property=\"og:locale\" content=\"es_ES\" \/>\n<meta property=\"og:type\" content=\"article\" \/>\n<meta property=\"og:title\" content=\"Butaca con Patas Met\u00e1licas Land | Confort Pet Friendly Madrid\" \/>\n<meta property=\"og:description\" content=\"Descubre la Butaca Land en Madrid Centro. Dise\u00f1o estilizado de 71cm de ancho con patas met\u00e1licas y 110cm de alto. Telas Pet Friendly resistentes a ara\u00f1azos.\" \/>\n<meta property=\"og:url\" content=\"https:\/\/makumobel.es\/muebles-colchones-madrid\/producto\/butaca-land-patas-metalicas-mascotas-madrid\/\" \/>\n<meta property=\"og:site_name\" content=\"MakuMobel\" \/>\n<meta property=\"article:publisher\" content=\"https:\/\/www.facebook.com\/MueblesMakumobel?locale=es_ES\" \/>\n<meta property=\"og:image\" content=\"https:\/\/makumobel.es\/muebles-colchones-madrid\/wp-content\/uploads\/2026\/03\/23.jpg\" \/>\n\t<meta property=\"og:image:width\" content=\"1434\" \/>\n\t<meta property=\"og:image:height\" content=\"1699\" \/>\n\t<meta property=\"og:image:type\" content=\"image\/jpeg\" \/>\n<meta name=\"twitter:card\" content=\"summary_large_image\" \/>\n<meta name=\"twitter:label1\" content=\"Tiempo de lectura\" \/>\n\t<meta name=\"twitter:data1\" content=\"2 minutos\" \/>\n<script type=\"application\/ld+json\" class=\"yoast-schema-graph\">{\"@context\":\"https:\/\/schema.org\",\"@graph\":[{\"@type\":\"WebPage\",\"@id\":\"https:\/\/makumobel.es\/muebles-colchones-madrid\/producto\/butaca-land-patas-metalicas-mascotas-madrid\/\",\"url\":\"https:\/\/makumobel.es\/muebles-colchones-madrid\/producto\/butaca-land-patas-metalicas-mascotas-madrid\/\",\"name\":\"Butaca con Patas Met\u00e1licas Land | Confort Pet Friendly Madrid\",\"isPartOf\":{\"@id\":\"https:\/\/makumobel.es\/muebles-colchones-madrid\/#website\"},\"primaryImageOfPage\":{\"@id\":\"https:\/\/makumobel.es\/muebles-colchones-madrid\/producto\/butaca-land-patas-metalicas-mascotas-madrid\/#primaryimage\"},\"image\":{\"@id\":\"https:\/\/makumobel.es\/muebles-colchones-madrid\/producto\/butaca-land-patas-metalicas-mascotas-madrid\/#primaryimage\"},\"thumbnailUrl\":\"https:\/\/i0.wp.com\/makumobel.es\/muebles-colchones-madrid\/wp-content\/uploads\/2026\/03\/23.jpg?fit=1434%2C1699&ssl=1\",\"datePublished\":\"2026-03-06T17:11:43+00:00\",\"description\":\"Descubre la Butaca Land en Madrid Centro. Dise\u00f1o estilizado de 71cm de ancho con patas met\u00e1licas y 110cm de alto. Telas Pet Friendly resistentes a ara\u00f1azos.\",\"breadcrumb\":{\"@id\":\"https:\/\/makumobel.es\/muebles-colchones-madrid\/producto\/butaca-land-patas-metalicas-mascotas-madrid\/#breadcrumb\"},\"inLanguage\":\"es\",\"potentialAction\":[{\"@type\":\"ReadAction\",\"target\":[\"https:\/\/makumobel.es\/muebles-colchones-madrid\/producto\/butaca-land-patas-metalicas-mascotas-madrid\/\"]}]},{\"@type\":\"ImageObject\",\"inLanguage\":\"es\",\"@id\":\"https:\/\/makumobel.es\/muebles-colchones-madrid\/producto\/butaca-land-patas-metalicas-mascotas-madrid\/#primaryimage\",\"url\":\"https:\/\/i0.wp.com\/makumobel.es\/muebles-colchones-madrid\/wp-content\/uploads\/2026\/03\/23.jpg?fit=1434%2C1699&ssl=1\",\"contentUrl\":\"https:\/\/i0.wp.com\/makumobel.es\/muebles-colchones-madrid\/wp-content\/uploads\/2026\/03\/23.jpg?fit=1434%2C1699&ssl=1\",\"width\":1434,\"height\":1699,\"caption\":\"Butaca moderna modelo Land de 71cm de ancho con patas met\u00e1licas en Madrid Centro.\"},{\"@type\":\"BreadcrumbList\",\"@id\":\"https:\/\/makumobel.es\/muebles-colchones-madrid\/producto\/butaca-land-patas-metalicas-mascotas-madrid\/#breadcrumb\",\"itemListElement\":[{\"@type\":\"ListItem\",\"position\":1,\"name\":\"Portada\",\"item\":\"https:\/\/makumobel.es\/muebles-colchones-madrid\/\"},{\"@type\":\"ListItem\",\"position\":2,\"name\":\"Tienda\",\"item\":\"https:\/\/makumobel.es\/muebles-colchones-madrid\/?page_id=4199\"},{\"@type\":\"ListItem\",\"position\":3,\"name\":\"Butaca con Patas Met\u00e1licas Land\"}]},{\"@type\":\"WebSite\",\"@id\":\"https:\/\/makumobel.es\/muebles-colchones-madrid\/#website\",\"url\":\"https:\/\/makumobel.es\/muebles-colchones-madrid\/\",\"name\":\"MakuMobel\",\"description\":\"\",\"publisher\":{\"@id\":\"https:\/\/makumobel.es\/muebles-colchones-madrid\/#organization\"},\"potentialAction\":[{\"@type\":\"SearchAction\",\"target\":{\"@type\":\"EntryPoint\",\"urlTemplate\":\"https:\/\/makumobel.es\/muebles-colchones-madrid\/?s={search_term_string}\"},\"query-input\":{\"@type\":\"PropertyValueSpecification\",\"valueRequired\":true,\"valueName\":\"search_term_string\"}}],\"inLanguage\":\"es\"},{\"@type\":\"Organization\",\"@id\":\"https:\/\/makumobel.es\/muebles-colchones-madrid\/#organization\",\"name\":\"MakuMobel\",\"url\":\"https:\/\/makumobel.es\/muebles-colchones-madrid\/\",\"logo\":{\"@type\":\"ImageObject\",\"inLanguage\":\"es\",\"@id\":\"https:\/\/makumobel.es\/muebles-colchones-madrid\/#\/schema\/logo\/image\/\",\"url\":\"https:\/\/makumobel.es\/muebles-colchones-madrid\/wp-content\/uploads\/2024\/03\/logo-280-px.jpg\",\"contentUrl\":\"https:\/\/makumobel.es\/muebles-colchones-madrid\/wp-content\/uploads\/2024\/03\/logo-280-px.jpg\",\"width\":280,\"height\":139,\"caption\":\"MakuMobel\"},\"image\":{\"@id\":\"https:\/\/makumobel.es\/muebles-colchones-madrid\/#\/schema\/logo\/image\/\"},\"sameAs\":[\"https:\/\/www.facebook.com\/MueblesMakumobel?locale=es_ES\",\"https:\/\/www.instagram.com\/makumobel\/\"]}]}<\/script>\n<!-- \/ Yoast SEO plugin. -->","yoast_head_json":{"title":"Butaca con Patas Met\u00e1licas Land | Confort Pet Friendly Madrid","description":"Descubre la Butaca Land en Madrid Centro. Dise\u00f1o estilizado de 71cm de ancho con patas met\u00e1licas y 110cm de alto. Telas Pet Friendly resistentes a ara\u00f1azos.","robots":{"index":"index","follow":"follow","max-snippet":"max-snippet:-1","max-image-preview":"max-image-preview:large","max-video-preview":"max-video-preview:-1"},"canonical":"https:\/\/makumobel.es\/muebles-colchones-madrid\/producto\/butaca-land-patas-metalicas-mascotas-madrid\/","og_locale":"es_ES","og_type":"article","og_title":"Butaca con Patas Met\u00e1licas Land | Confort Pet Friendly Madrid","og_description":"Descubre la Butaca Land en Madrid Centro. Dise\u00f1o estilizado de 71cm de ancho con patas met\u00e1licas y 110cm de alto. Telas Pet Friendly resistentes a ara\u00f1azos.","og_url":"https:\/\/makumobel.es\/muebles-colchones-madrid\/producto\/butaca-land-patas-metalicas-mascotas-madrid\/","og_site_name":"MakuMobel","article_publisher":"https:\/\/www.facebook.com\/MueblesMakumobel?locale=es_ES","og_image":[{"width":1434,"height":1699,"url":"https:\/\/makumobel.es\/muebles-colchones-madrid\/wp-content\/uploads\/2026\/03\/23.jpg","type":"image\/jpeg"}],"twitter_card":"summary_large_image","twitter_misc":{"Tiempo de lectura":"2 minutos"},"schema":{"@context":"https:\/\/schema.org","@graph":[{"@type":"WebPage","@id":"https:\/\/makumobel.es\/muebles-colchones-madrid\/producto\/butaca-land-patas-metalicas-mascotas-madrid\/","url":"https:\/\/makumobel.es\/muebles-colchones-madrid\/producto\/butaca-land-patas-metalicas-mascotas-madrid\/","name":"Butaca con Patas Met\u00e1licas Land | Confort Pet Friendly Madrid","isPartOf":{"@id":"https:\/\/makumobel.es\/muebles-colchones-madrid\/#website"},"primaryImageOfPage":{"@id":"https:\/\/makumobel.es\/muebles-colchones-madrid\/producto\/butaca-land-patas-metalicas-mascotas-madrid\/#primaryimage"},"image":{"@id":"https:\/\/makumobel.es\/muebles-colchones-madrid\/producto\/butaca-land-patas-metalicas-mascotas-madrid\/#primaryimage"},"thumbnailUrl":"https:\/\/i0.wp.com\/makumobel.es\/muebles-colchones-madrid\/wp-content\/uploads\/2026\/03\/23.jpg?fit=1434%2C1699&ssl=1","datePublished":"2026-03-06T17:11:43+00:00","description":"Descubre la Butaca Land en Madrid Centro. Dise\u00f1o estilizado de 71cm de ancho con patas met\u00e1licas y 110cm de alto. Telas Pet Friendly resistentes a ara\u00f1azos.","breadcrumb":{"@id":"https:\/\/makumobel.es\/muebles-colchones-madrid\/producto\/butaca-land-patas-metalicas-mascotas-madrid\/#breadcrumb"},"inLanguage":"es","potentialAction":[{"@type":"ReadAction","target":["https:\/\/makumobel.es\/muebles-colchones-madrid\/producto\/butaca-land-patas-metalicas-mascotas-madrid\/"]}]},{"@type":"ImageObject","inLanguage":"es","@id":"https:\/\/makumobel.es\/muebles-colchones-madrid\/producto\/butaca-land-patas-metalicas-mascotas-madrid\/#primaryimage","url":"https:\/\/i0.wp.com\/makumobel.es\/muebles-colchones-madrid\/wp-content\/uploads\/2026\/03\/23.jpg?fit=1434%2C1699&ssl=1","contentUrl":"https:\/\/i0.wp.com\/makumobel.es\/muebles-colchones-madrid\/wp-content\/uploads\/2026\/03\/23.jpg?fit=1434%2C1699&ssl=1","width":1434,"height":1699,"caption":"Butaca moderna modelo Land de 71cm de ancho con patas met\u00e1licas en Madrid Centro."},{"@type":"BreadcrumbList","@id":"https:\/\/makumobel.es\/muebles-colchones-madrid\/producto\/butaca-land-patas-metalicas-mascotas-madrid\/#breadcrumb","itemListElement":[{"@type":"ListItem","position":1,"name":"Portada","item":"https:\/\/makumobel.es\/muebles-colchones-madrid\/"},{"@type":"ListItem","position":2,"name":"Tienda","item":"https:\/\/makumobel.es\/muebles-colchones-madrid\/?page_id=4199"},{"@type":"ListItem","position":3,"name":"Butaca con Patas Met\u00e1licas Land"}]},{"@type":"WebSite","@id":"https:\/\/makumobel.es\/muebles-colchones-madrid\/#website","url":"https:\/\/makumobel.es\/muebles-colchones-madrid\/","name":"MakuMobel","description":"","publisher":{"@id":"https:\/\/makumobel.es\/muebles-colchones-madrid\/#organization"},"potentialAction":[{"@type":"SearchAction","target":{"@type":"EntryPoint","urlTemplate":"https:\/\/makumobel.es\/muebles-colchones-madrid\/?s={search_term_string}"},"query-input":{"@type":"PropertyValueSpecification","valueRequired":true,"valueName":"search_term_string"}}],"inLanguage":"es"},{"@type":"Organization","@id":"https:\/\/makumobel.es\/muebles-colchones-madrid\/#organization","name":"MakuMobel","url":"https:\/\/makumobel.es\/muebles-colchones-madrid\/","logo":{"@type":"ImageObject","inLanguage":"es","@id":"https:\/\/makumobel.es\/muebles-colchones-madrid\/#\/schema\/logo\/image\/","url":"https:\/\/makumobel.es\/muebles-colchones-madrid\/wp-content\/uploads\/2024\/03\/logo-280-px.jpg","contentUrl":"https:\/\/makumobel.es\/muebles-colchones-madrid\/wp-content\/uploads\/2024\/03\/logo-280-px.jpg","width":280,"height":139,"caption":"MakuMobel"},"image":{"@id":"https:\/\/makumobel.es\/muebles-colchones-madrid\/#\/schema\/logo\/image\/"},"sameAs":["https:\/\/www.facebook.com\/MueblesMakumobel?locale=es_ES","https:\/\/www.instagram.com\/makumobel\/"]}]}},"_links":{"self":[{"href":"https:\/\/makumobel.es\/muebles-colchones-madrid\/wp-json\/wp\/v2\/product\/5905","targetHints":{"allow":["GET"]}}],"collection":[{"href":"https:\/\/makumobel.es\/muebles-colchones-madrid\/wp-json\/wp\/v2\/product"}],"about":[{"href":"https:\/\/makumobel.es\/muebles-colchones-madrid\/wp-json\/wp\/v2\/types\/product"}],"replies":[{"embeddable":true,"href":"https:\/\/makumobel.es\/muebles-colchones-madrid\/wp-json\/wp\/v2\/comments?post=5905"}],"wp:featuredmedia":[{"embeddable":true,"href":"https:\/\/makumobel.es\/muebles-colchones-madrid\/wp-json\/wp\/v2\/media\/5906"}],"wp:attachment":[{"href":"https:\/\/makumobel.es\/muebles-colchones-madrid\/wp-json\/wp\/v2\/media?parent=5905"}],"wp:term":[{"taxonomy":"product_brand","embeddable":true,"href":"https:\/\/makumobel.es\/muebles-colchones-madrid\/wp-json\/wp\/v2\/product_brand?post=5905"},{"taxonomy":"product_cat","embeddable":true,"href":"https:\/\/makumobel.es\/muebles-colchones-madrid\/wp-json\/wp\/v2\/product_cat?post=5905"},{"taxonomy":"product_tag","embeddable":true,"href":"https:\/\/makumobel.es\/muebles-colchones-madrid\/wp-json\/wp\/v2\/product_tag?post=5905"}],"curies":[{"name":"wp","href":"https:\/\/api.w.org\/{rel}","templated":true}]}}