{"id":6361,"date":"2026-04-08T19:12:26","date_gmt":"2026-04-08T17:12:26","guid":{"rendered":"https:\/\/makumobel.es\/muebles-colchones-madrid\/?post_type=product&#038;p=6361"},"modified":"2026-04-08T19:12:26","modified_gmt":"2026-04-08T17:12:26","slug":"vitrina-zion-742-denver-antracita-personalizable","status":"publish","type":"product","link":"https:\/\/makumobel.es\/muebles-colchones-madrid\/producto\/vitrina-zion-742-denver-antracita-personalizable\/","title":{"rendered":"Vitrina Zion 742"},"content":{"rendered":"<p data-path-to-node=\"7\">El <b data-path-to-node=\"7\" data-index-in-node=\"3\">modelo 742 de la serie Zion<\/b> es mucho m\u00e1s que un mueble de almacenaje; es una declaraci\u00f3n de estilo. Ciertamente, su combinaci\u00f3n de acabados en <b data-path-to-node=\"7\" data-index-in-node=\"146\">Denver y Antracita<\/b> ofrece una est\u00e9tica de inspiraci\u00f3n industrial y contempor\u00e1nea que encaja a la perfecci\u00f3n en los hogares m\u00e1s vanguardistas de la capital. Con una altura de <b data-path-to-node=\"7\" data-index-in-node=\"320\">204 cm<\/b>, esta vitrina aprovecha el espacio vertical para ofrecer una exposici\u00f3n panor\u00e1mica de gran formato a trav\u00e9s de sus amplias secciones acristaladas.<\/p>\n<h3 data-path-to-node=\"8\">Caracter\u00edsticas T\u00e9cnicas y Personalizaci\u00f3n Exclusiva<\/h3>\n<p data-path-to-node=\"9\">En primer lugar, su configuraci\u00f3n de tres cuerpos permite una organizaci\u00f3n jer\u00e1rquica de tus pertenencias. Por otro lado, ofrece una versatilidad total para adaptarse a tu estilo de vida en <b data-path-to-node=\"9\" data-index-in-node=\"190\">Madrid<\/b>:<\/p>\n<ul data-path-to-node=\"10\">\n<li>\n<p data-path-to-node=\"10,0,1\"><span data-path-to-node=\"10,0,1,0\"><b data-path-to-node=\"10,0,1,0\" data-index-in-node=\"0\"><span class=\"citation-107\">Dimensiones de Gran Formato<\/span><\/b><span class=\"citation-107\">: Sus medidas de <\/span><b data-path-to-node=\"10,0,1,0\" data-index-in-node=\"44\"><span class=\"citation-107\">180 x 204 x 44 cm<\/span><\/b><span class=\"citation-107\"> la convierten en la opci\u00f3n con mayor volumen de guardado de la gama Zion<\/span><\/span><span data-path-to-node=\"10,0,1,2\">.<\/span><\/p>\n<div class=\"source-inline-chip-container ng-star-inserted\"><\/div>\n<\/li>\n<li>\n<p data-path-to-node=\"10,1,1\"><span data-path-to-node=\"10,1,1,0\"><b data-path-to-node=\"10,1,1,0\" data-index-in-node=\"0\"><span class=\"citation-106\">Acabados de Vanguardia<\/span><\/b><span class=\"citation-106\">: Elegante contraste entre el tono gris\u00e1ceo <\/span><b data-path-to-node=\"10,1,1,0\" data-index-in-node=\"66\"><span class=\"citation-106\">Denver<\/span><\/b><span class=\"citation-106\"> y el profundo <\/span><b data-path-to-node=\"10,1,1,0\" data-index-in-node=\"87\"><span class=\"citation-106\">Antracita<\/span><\/b><\/span><span data-path-to-node=\"10,1,1,2\">.<\/span><\/p>\n<div class=\"source-inline-chip-container ng-star-inserted\"><\/div>\n<\/li>\n<li>\n<p data-path-to-node=\"10,2,1\"><span data-path-to-node=\"10,2,1,0\"><b data-path-to-node=\"10,2,1,0\" data-index-in-node=\"0\"><span class=\"citation-105\">Adaptabilidad de Espacios<\/span><\/b><span class=\"citation-105\">: Se encuentra <\/span><b data-path-to-node=\"10,2,1,0\" data-index-in-node=\"40\"><span class=\"citation-105\">disponible en otras medidas<\/span><\/b><span class=\"citation-105\"> para ajustarse a las dimensiones exactas de tu comedor<\/span><\/span><span data-path-to-node=\"10,2,1,2\">.<\/span><\/p>\n<div class=\"source-inline-chip-container ng-star-inserted\"><\/div>\n<\/li>\n<li>\n<p data-path-to-node=\"10,3,1\"><span data-path-to-node=\"10,3,1,0\"><b data-path-to-node=\"10,3,1,0\" data-index-in-node=\"0\"><span class=\"citation-104\">Gama de Colores Personalizable<\/span><\/b><span class=\"citation-104\">: Est\u00e1 <\/span><b data-path-to-node=\"10,3,1,0\" data-index-in-node=\"37\"><span class=\"citation-104\">disponible en otros colores<\/span><\/b><span class=\"citation-104\">, permitiendo crear versiones m\u00e1s c\u00e1lidas en madera o m\u00e1s neutras en lacados<\/span><\/span><span data-path-to-node=\"10,3,1,2\">.<\/span><\/p>\n<div class=\"source-inline-chip-container ng-star-inserted\"><\/div>\n<\/li>\n<li>\n<p data-path-to-node=\"10,4,0\"><b data-path-to-node=\"10,4,0\" data-index-in-node=\"0\">Detalles de Alta Ebanister\u00eda<\/b>: Estantes interiores de cristal que potencian la luminosidad y m\u00f3dulos cerrados superiores e inferiores para un orden impecable.<\/p>\n<\/li>\n<\/ul>\n<h3 data-path-to-node=\"11\">\u00bfPor qu\u00e9 elegir la Vitrina Zion 742 para tu sal\u00f3n?<\/h3>\n<p data-path-to-node=\"12\">Actualmente, las vitrinas de tres cuerpos son la opci\u00f3n preferida por los decoradores para \u00abvestir\u00bb paredes principales sin necesidad de a\u00f1adir m\u00e1s muebles auxiliares. Debido a su construcci\u00f3n robusta y el uso de materiales de \u00faltima generaci\u00f3n, la <b data-path-to-node=\"12\" data-index-in-node=\"249\">Vitrina Zion 742<\/b> garantiza una durabilidad excepcional frente al uso diario. Por lo tanto, si buscas una pieza que combine la ligereza del cristal con la elegancia del estilo antracita en <b data-path-to-node=\"12\" data-index-in-node=\"437\">Madrid<\/b>, este modelo es la inversi\u00f3n definitiva.<\/p>\n<p data-path-to-node=\"13\"><b data-path-to-node=\"13\" data-index-in-node=\"0\">En conclusi\u00f3n<\/b>, es un mueble imponente que equilibra la visibilidad de tus objetos decorativos con un almacenamiento discreto y amplio.<\/p>\n","protected":false},"excerpt":{"rendered":"<p>Vitrina Zion 742: La M\u00e1xima Expresi\u00f3n del Dise\u00f1o Zion 4.0<\/p>\n","protected":false},"featured_media":6362,"comment_status":"open","ping_status":"closed","template":"","meta":{"_uf_show_specific_survey":0,"_uf_disable_surveys":false,"_joinchat":[]},"product_brand":[],"product_cat":[109,80,81,111],"product_tag":[],"class_list":{"0":"post-6361","1":"product","2":"type-product","3":"status-publish","4":"has-post-thumbnail","6":"product_cat-aparadores-vitrinas","7":"product_cat-mobiliario","8":"product_cat-salon-comedor","9":"product_cat-vitrinas","11":"first","12":"instock","13":"shipping-taxable","14":"product-type-simple"},"yoast_head":"<!-- This site is optimized with the Yoast SEO plugin v27.2 - https:\/\/yoast.com\/product\/yoast-seo-wordpress\/ -->\n<title>Vitrina Zion 742 | Mueble de Sal\u00f3n Denver y Antracita en Madrid<\/title>\n<meta name=\"description\" content=\"Vitrina Zion 742 en Madrid Centro. Medidas 180x204x44 cm en Denver y Antracita. Personalizable en colores y medidas. \u00a1M\u00e1ximo dise\u00f1o y almacenaje!\" \/>\n<meta name=\"robots\" content=\"index, follow, max-snippet:-1, max-image-preview:large, max-video-preview:-1\" \/>\n<link rel=\"canonical\" href=\"https:\/\/makumobel.es\/muebles-colchones-madrid\/producto\/vitrina-zion-742-denver-antracita-personalizable\/\" \/>\n<meta property=\"og:locale\" content=\"es_ES\" \/>\n<meta property=\"og:type\" content=\"article\" \/>\n<meta property=\"og:title\" content=\"Vitrina Zion 742 | Mueble de Sal\u00f3n Denver y Antracita en Madrid\" \/>\n<meta property=\"og:description\" content=\"Vitrina Zion 742 en Madrid Centro. Medidas 180x204x44 cm en Denver y Antracita. Personalizable en colores y medidas. \u00a1M\u00e1ximo dise\u00f1o y almacenaje!\" \/>\n<meta property=\"og:url\" content=\"https:\/\/makumobel.es\/muebles-colchones-madrid\/producto\/vitrina-zion-742-denver-antracita-personalizable\/\" \/>\n<meta property=\"og:site_name\" content=\"MakuMobel\" \/>\n<meta property=\"article:publisher\" content=\"https:\/\/www.facebook.com\/MueblesMakumobel?locale=es_ES\" \/>\n<meta property=\"og:image\" content=\"https:\/\/makumobel.es\/muebles-colchones-madrid\/wp-content\/uploads\/2026\/04\/VITRINA-ZION-742.webp\" \/>\n\t<meta property=\"og:image:width\" content=\"614\" \/>\n\t<meta property=\"og:image:height\" content=\"635\" \/>\n\t<meta property=\"og:image:type\" content=\"image\/png\" \/>\n<meta name=\"twitter:card\" content=\"summary_large_image\" \/>\n<meta name=\"twitter:label1\" content=\"Tiempo de lectura\" \/>\n\t<meta name=\"twitter:data1\" content=\"2 minutos\" \/>\n<script type=\"application\/ld+json\" class=\"yoast-schema-graph\">{\"@context\":\"https:\/\/schema.org\",\"@graph\":[{\"@type\":\"WebPage\",\"@id\":\"https:\/\/makumobel.es\/muebles-colchones-madrid\/producto\/vitrina-zion-742-denver-antracita-personalizable\/\",\"url\":\"https:\/\/makumobel.es\/muebles-colchones-madrid\/producto\/vitrina-zion-742-denver-antracita-personalizable\/\",\"name\":\"Vitrina Zion 742 | Mueble de Sal\u00f3n Denver y Antracita en Madrid\",\"isPartOf\":{\"@id\":\"https:\/\/makumobel.es\/muebles-colchones-madrid\/#website\"},\"primaryImageOfPage\":{\"@id\":\"https:\/\/makumobel.es\/muebles-colchones-madrid\/producto\/vitrina-zion-742-denver-antracita-personalizable\/#primaryimage\"},\"image\":{\"@id\":\"https:\/\/makumobel.es\/muebles-colchones-madrid\/producto\/vitrina-zion-742-denver-antracita-personalizable\/#primaryimage\"},\"thumbnailUrl\":\"https:\/\/i0.wp.com\/makumobel.es\/muebles-colchones-madrid\/wp-content\/uploads\/2026\/04\/VITRINA-ZION-742.webp?fit=614%2C635&ssl=1\",\"datePublished\":\"2026-04-08T17:12:26+00:00\",\"description\":\"Vitrina Zion 742 en Madrid Centro. Medidas 180x204x44 cm en Denver y Antracita. Personalizable en colores y medidas. \u00a1M\u00e1ximo dise\u00f1o y almacenaje!\",\"breadcrumb\":{\"@id\":\"https:\/\/makumobel.es\/muebles-colchones-madrid\/producto\/vitrina-zion-742-denver-antracita-personalizable\/#breadcrumb\"},\"inLanguage\":\"es\",\"potentialAction\":[{\"@type\":\"ReadAction\",\"target\":[\"https:\/\/makumobel.es\/muebles-colchones-madrid\/producto\/vitrina-zion-742-denver-antracita-personalizable\/\"]}]},{\"@type\":\"ImageObject\",\"inLanguage\":\"es\",\"@id\":\"https:\/\/makumobel.es\/muebles-colchones-madrid\/producto\/vitrina-zion-742-denver-antracita-personalizable\/#primaryimage\",\"url\":\"https:\/\/i0.wp.com\/makumobel.es\/muebles-colchones-madrid\/wp-content\/uploads\/2026\/04\/VITRINA-ZION-742.webp?fit=614%2C635&ssl=1\",\"contentUrl\":\"https:\/\/i0.wp.com\/makumobel.es\/muebles-colchones-madrid\/wp-content\/uploads\/2026\/04\/VITRINA-ZION-742.webp?fit=614%2C635&ssl=1\",\"width\":614,\"height\":635,\"caption\":\"Vitrina moderna personalizable Zion 742 de tres cuerpos disponible en nuestra tienda de Madrid Centro.\"},{\"@type\":\"BreadcrumbList\",\"@id\":\"https:\/\/makumobel.es\/muebles-colchones-madrid\/producto\/vitrina-zion-742-denver-antracita-personalizable\/#breadcrumb\",\"itemListElement\":[{\"@type\":\"ListItem\",\"position\":1,\"name\":\"Portada\",\"item\":\"https:\/\/makumobel.es\/muebles-colchones-madrid\/\"},{\"@type\":\"ListItem\",\"position\":2,\"name\":\"Tienda\",\"item\":\"https:\/\/makumobel.es\/muebles-colchones-madrid\/?page_id=4199\"},{\"@type\":\"ListItem\",\"position\":3,\"name\":\"Vitrina Zion 742\"}]},{\"@type\":\"WebSite\",\"@id\":\"https:\/\/makumobel.es\/muebles-colchones-madrid\/#website\",\"url\":\"https:\/\/makumobel.es\/muebles-colchones-madrid\/\",\"name\":\"MakuMobel\",\"description\":\"\",\"publisher\":{\"@id\":\"https:\/\/makumobel.es\/muebles-colchones-madrid\/#organization\"},\"potentialAction\":[{\"@type\":\"SearchAction\",\"target\":{\"@type\":\"EntryPoint\",\"urlTemplate\":\"https:\/\/makumobel.es\/muebles-colchones-madrid\/?s={search_term_string}\"},\"query-input\":{\"@type\":\"PropertyValueSpecification\",\"valueRequired\":true,\"valueName\":\"search_term_string\"}}],\"inLanguage\":\"es\"},{\"@type\":\"Organization\",\"@id\":\"https:\/\/makumobel.es\/muebles-colchones-madrid\/#organization\",\"name\":\"MakuMobel\",\"url\":\"https:\/\/makumobel.es\/muebles-colchones-madrid\/\",\"logo\":{\"@type\":\"ImageObject\",\"inLanguage\":\"es\",\"@id\":\"https:\/\/makumobel.es\/muebles-colchones-madrid\/#\/schema\/logo\/image\/\",\"url\":\"https:\/\/makumobel.es\/muebles-colchones-madrid\/wp-content\/uploads\/2024\/03\/logo-280-px.jpg\",\"contentUrl\":\"https:\/\/makumobel.es\/muebles-colchones-madrid\/wp-content\/uploads\/2024\/03\/logo-280-px.jpg\",\"width\":280,\"height\":139,\"caption\":\"MakuMobel\"},\"image\":{\"@id\":\"https:\/\/makumobel.es\/muebles-colchones-madrid\/#\/schema\/logo\/image\/\"},\"sameAs\":[\"https:\/\/www.facebook.com\/MueblesMakumobel?locale=es_ES\",\"https:\/\/www.instagram.com\/makumobel\/\"]}]}<\/script>\n<!-- \/ Yoast SEO plugin. -->","yoast_head_json":{"title":"Vitrina Zion 742 | Mueble de Sal\u00f3n Denver y Antracita en Madrid","description":"Vitrina Zion 742 en Madrid Centro. Medidas 180x204x44 cm en Denver y Antracita. Personalizable en colores y medidas. \u00a1M\u00e1ximo dise\u00f1o y almacenaje!","robots":{"index":"index","follow":"follow","max-snippet":"max-snippet:-1","max-image-preview":"max-image-preview:large","max-video-preview":"max-video-preview:-1"},"canonical":"https:\/\/makumobel.es\/muebles-colchones-madrid\/producto\/vitrina-zion-742-denver-antracita-personalizable\/","og_locale":"es_ES","og_type":"article","og_title":"Vitrina Zion 742 | Mueble de Sal\u00f3n Denver y Antracita en Madrid","og_description":"Vitrina Zion 742 en Madrid Centro. Medidas 180x204x44 cm en Denver y Antracita. Personalizable en colores y medidas. \u00a1M\u00e1ximo dise\u00f1o y almacenaje!","og_url":"https:\/\/makumobel.es\/muebles-colchones-madrid\/producto\/vitrina-zion-742-denver-antracita-personalizable\/","og_site_name":"MakuMobel","article_publisher":"https:\/\/www.facebook.com\/MueblesMakumobel?locale=es_ES","og_image":[{"width":614,"height":635,"url":"https:\/\/makumobel.es\/muebles-colchones-madrid\/wp-content\/uploads\/2026\/04\/VITRINA-ZION-742.webp","type":"image\/png"}],"twitter_card":"summary_large_image","twitter_misc":{"Tiempo de lectura":"2 minutos"},"schema":{"@context":"https:\/\/schema.org","@graph":[{"@type":"WebPage","@id":"https:\/\/makumobel.es\/muebles-colchones-madrid\/producto\/vitrina-zion-742-denver-antracita-personalizable\/","url":"https:\/\/makumobel.es\/muebles-colchones-madrid\/producto\/vitrina-zion-742-denver-antracita-personalizable\/","name":"Vitrina Zion 742 | Mueble de Sal\u00f3n Denver y Antracita en Madrid","isPartOf":{"@id":"https:\/\/makumobel.es\/muebles-colchones-madrid\/#website"},"primaryImageOfPage":{"@id":"https:\/\/makumobel.es\/muebles-colchones-madrid\/producto\/vitrina-zion-742-denver-antracita-personalizable\/#primaryimage"},"image":{"@id":"https:\/\/makumobel.es\/muebles-colchones-madrid\/producto\/vitrina-zion-742-denver-antracita-personalizable\/#primaryimage"},"thumbnailUrl":"https:\/\/i0.wp.com\/makumobel.es\/muebles-colchones-madrid\/wp-content\/uploads\/2026\/04\/VITRINA-ZION-742.webp?fit=614%2C635&ssl=1","datePublished":"2026-04-08T17:12:26+00:00","description":"Vitrina Zion 742 en Madrid Centro. Medidas 180x204x44 cm en Denver y Antracita. Personalizable en colores y medidas. \u00a1M\u00e1ximo dise\u00f1o y almacenaje!","breadcrumb":{"@id":"https:\/\/makumobel.es\/muebles-colchones-madrid\/producto\/vitrina-zion-742-denver-antracita-personalizable\/#breadcrumb"},"inLanguage":"es","potentialAction":[{"@type":"ReadAction","target":["https:\/\/makumobel.es\/muebles-colchones-madrid\/producto\/vitrina-zion-742-denver-antracita-personalizable\/"]}]},{"@type":"ImageObject","inLanguage":"es","@id":"https:\/\/makumobel.es\/muebles-colchones-madrid\/producto\/vitrina-zion-742-denver-antracita-personalizable\/#primaryimage","url":"https:\/\/i0.wp.com\/makumobel.es\/muebles-colchones-madrid\/wp-content\/uploads\/2026\/04\/VITRINA-ZION-742.webp?fit=614%2C635&ssl=1","contentUrl":"https:\/\/i0.wp.com\/makumobel.es\/muebles-colchones-madrid\/wp-content\/uploads\/2026\/04\/VITRINA-ZION-742.webp?fit=614%2C635&ssl=1","width":614,"height":635,"caption":"Vitrina moderna personalizable Zion 742 de tres cuerpos disponible en nuestra tienda de Madrid Centro."},{"@type":"BreadcrumbList","@id":"https:\/\/makumobel.es\/muebles-colchones-madrid\/producto\/vitrina-zion-742-denver-antracita-personalizable\/#breadcrumb","itemListElement":[{"@type":"ListItem","position":1,"name":"Portada","item":"https:\/\/makumobel.es\/muebles-colchones-madrid\/"},{"@type":"ListItem","position":2,"name":"Tienda","item":"https:\/\/makumobel.es\/muebles-colchones-madrid\/?page_id=4199"},{"@type":"ListItem","position":3,"name":"Vitrina Zion 742"}]},{"@type":"WebSite","@id":"https:\/\/makumobel.es\/muebles-colchones-madrid\/#website","url":"https:\/\/makumobel.es\/muebles-colchones-madrid\/","name":"MakuMobel","description":"","publisher":{"@id":"https:\/\/makumobel.es\/muebles-colchones-madrid\/#organization"},"potentialAction":[{"@type":"SearchAction","target":{"@type":"EntryPoint","urlTemplate":"https:\/\/makumobel.es\/muebles-colchones-madrid\/?s={search_term_string}"},"query-input":{"@type":"PropertyValueSpecification","valueRequired":true,"valueName":"search_term_string"}}],"inLanguage":"es"},{"@type":"Organization","@id":"https:\/\/makumobel.es\/muebles-colchones-madrid\/#organization","name":"MakuMobel","url":"https:\/\/makumobel.es\/muebles-colchones-madrid\/","logo":{"@type":"ImageObject","inLanguage":"es","@id":"https:\/\/makumobel.es\/muebles-colchones-madrid\/#\/schema\/logo\/image\/","url":"https:\/\/makumobel.es\/muebles-colchones-madrid\/wp-content\/uploads\/2024\/03\/logo-280-px.jpg","contentUrl":"https:\/\/makumobel.es\/muebles-colchones-madrid\/wp-content\/uploads\/2024\/03\/logo-280-px.jpg","width":280,"height":139,"caption":"MakuMobel"},"image":{"@id":"https:\/\/makumobel.es\/muebles-colchones-madrid\/#\/schema\/logo\/image\/"},"sameAs":["https:\/\/www.facebook.com\/MueblesMakumobel?locale=es_ES","https:\/\/www.instagram.com\/makumobel\/"]}]}},"_links":{"self":[{"href":"https:\/\/makumobel.es\/muebles-colchones-madrid\/wp-json\/wp\/v2\/product\/6361","targetHints":{"allow":["GET"]}}],"collection":[{"href":"https:\/\/makumobel.es\/muebles-colchones-madrid\/wp-json\/wp\/v2\/product"}],"about":[{"href":"https:\/\/makumobel.es\/muebles-colchones-madrid\/wp-json\/wp\/v2\/types\/product"}],"replies":[{"embeddable":true,"href":"https:\/\/makumobel.es\/muebles-colchones-madrid\/wp-json\/wp\/v2\/comments?post=6361"}],"wp:featuredmedia":[{"embeddable":true,"href":"https:\/\/makumobel.es\/muebles-colchones-madrid\/wp-json\/wp\/v2\/media\/6362"}],"wp:attachment":[{"href":"https:\/\/makumobel.es\/muebles-colchones-madrid\/wp-json\/wp\/v2\/media?parent=6361"}],"wp:term":[{"taxonomy":"product_brand","embeddable":true,"href":"https:\/\/makumobel.es\/muebles-colchones-madrid\/wp-json\/wp\/v2\/product_brand?post=6361"},{"taxonomy":"product_cat","embeddable":true,"href":"https:\/\/makumobel.es\/muebles-colchones-madrid\/wp-json\/wp\/v2\/product_cat?post=6361"},{"taxonomy":"product_tag","embeddable":true,"href":"https:\/\/makumobel.es\/muebles-colchones-madrid\/wp-json\/wp\/v2\/product_tag?post=6361"}],"curies":[{"name":"wp","href":"https:\/\/api.w.org\/{rel}","templated":true}]}}